9.
132
What is the remainder when 30531 is divided by 7566?
267
Calculate the remainder when 2512 is divided by 67.
33
Calculate the remainder when 6449 is divided by 307.
2
What is the remainder when 1145415 is divided by 41?
39
Calculate the remainder when 1968 is divided by 9.
6
What is the remainder when 171681 is divided by 43?
25
Calculate the remainder when 668 is divided by 519.
149
Calculate the remainder when 12019 is divided by 415.
399
What is the remainder when 710607 is divided by 368?
367
What is the remainder when 256 is divided by 58?
24
What is the remainder when 1857 is divided by 183?
27
What is the remainder when 92 is divided by 61?
31
Calculate the remainder when 3583 is divided by 62.
49
Calculate the remainder when 34109 is divided by 11367.
8
What is the remainder when 8854 is divided by 4395?
64
Calculate the remainder when 1023548 is divided by 275.
273
What is the remainder when 5273 is divided by 264?
257
What is the remainder when 1507 is divided by 335?
167
Calculate the remainder when 36013 is divided by 11.
10
What is the remainder when 74952 is divided by 74928?
24
What is the remainder when 1683 is divided by 1659?
24
Calculate the remainder when 63393 is divided by 442.
187
What is the remainder when 58171 is divided by 626?
579
What is the remainder when 799 is divided by 20?
19
What is the remainder when 70446 is divided by 3502?
406
Calculate the remainder when 611260 is divided by 218.
206
Calculate the remainder when 6694 is divided by 130.
64
Calculate the remainder when 888781 is divided by 104.
101
What is the remainder when 59088 is divided by 44?
40
What is the remainder when 13002 is divided by 85?
82
Calculate the remainder when 55547 is divided by 66.
41
Calculate the remainder when 4131 is divided by 2034.
63
Calculate the remainder when 9202 is divided by 3.
1
Calculate the remainder when 5163 is divided by 9.
6
Calculate the remainder when 5582 is divided by 61.
31
What is the remainder when 126478 is divided by 36?
10
Calculate the remainder when 2108 is divided by 29.
20
Calculate the remainder when 22983 is divided by 1000.
983
What is the remainder when 731 is divided by 562?
169
Calculate the remainder when 9056 is divided by 2989.
89
Calculate the remainder when 702 is divided by 643.
59
Calculate the remainder when 38483 is divided by 12823.
14
What is the remainder when 1268 is divided by 700?
568
What is the remainder when 386737 is divided by 161?
15
Calculate the remainder when 13153 is divided by 6576.
1
Calculate the remainder when 1934 is divided by 485.
479
What is the remainder when 22782 is divided by 133?
39
Calculate the remainder when 7095 is divided by 2237.
384
Calculate the remainder when 8916 is divided by 741.
24
What is the remainder when 86592 is divided by 21641?
28
Calculate the remainder when 5251 is divided by 89.
0
What is the remainder when 888 is divided by 456?
432
Calculate the remainder when 355860 is divided by 32.
20
What is the remainder when 15432 is divided by 2158?
326
Calculate the remainder when 243 is divided by 42.
33
Calculate the remainder when 3084538 is divided by 494.
2
Calculate the remainder when 12602 is divided by 2497.
117
Calculate the remainder when 7662 is divided by 686.
116
Calculate the remainder when 3878561 is divided by 61.
59
What is the remainder when 3298 is divided by 2250?
1048
Calculate the remainder when 1126 is divided by 577.
549
What is the remainder when 78066 is divided by 34?
2
Calculate the remainder when 2928 is divided by 68.
4
What is the remainder when 85416 is divided by 223?
7
Calculate the remainder when 3875 is divided by 243.
230
Calculate the remainder when 195 is divided by 195.
0
What is the remainder when 7425 is divided by 7424?
1
Calculate the remainder when 17783 is divided by 493.
35
What is the remainder when 49273 is divided by 675?
673
Calculate the remainder when 502 is divided by 497.
5
What is the remainder when 352561 is divided by 88139?
5
Calculate the remainder when 22110 is divided by 97.
91
Calculate the remainder when 6180 is divided by 9.
6
What is the remainder when 8378 is divided by 2453?
1019
Calculate the remainder when 8319 is divided by 99.
3
Calculate the remainder when 866 is divided by 233.
167
Calculate the remainder when 510966 is divided by 46.
44
Calculate the remainder when 32743 is divided by 177.
175
Calculate the remainder when 105894 is divided by 2406.
30
Calculate the remainder when 10939 is divided by 8.
3
Calculate the remainder when 365785 is divided by 322.
315
What is the remainder when 10322 is divided by 154?
4
What is the remainder when 18347 is divided by 6?
5
What is the remainder when 30272 is divided by 14?
4
What is the remainder when 13955 is divided by 695?
55
What is the remainder when 1914 is divided by 791?
332
Calculate the remainder when 21428 is divided by 9.
8
Calculate the remainder when 8415 is divided by 145.
5
Calculate the remainder when 788 is divided by 337.
114
What is the remainder when 44113 is divided by 46?
45
Calculate the remainder when 65494 is divided by 10.
4
What is the remainder when 3499187 is divided by 21?
20
What is the remainder when 74157 is divided by 382?
49
What is the remainder when 2896299 is divided by 22?
21
What is the remainder when 2877 is divided by 200?
77
Calculate the remainder when 330918 is divided by 506.
500
What is the remainder when 21411 is divided by 53?
52
Calculate the remainder when 3088 is divided by 398.
302
Calculate the remainder when 115793 is divided by 232.
25
What is the remainder when 27152 is divided by 460?
12
What is the remainder when 273491 is divided by 71?
70
What is the remainder when 2734 is divided by 601?
330
Calculate the remainder when 5199 is divided by 273.
12
Calculate the remainder when 221508 is divided by 2070.
18
What is the remainder when 2158 is divided by 343?
100
What is the remainder when 22682 is divided by 2750?
682
Calculate the remainder when 427751 is divided by 117.
116
What is the remainder when 7690 is divided by 17?
6
Calculate the remainder when 77813 is divided by 48.
5
What is the remainder when 124 is divided by 47?
30
What is the remainder when 97519 is divided by 40?
39
What is the remainder when 101245 is divided by 675?
670
What is the remainder when 2418641 is divided by 18?
17
Calculate the remainder when 4715 is divided by 73.
43
Calculate the remainder when 39473 is divided by 470.
463
Calculate the remainder when 504558 is divided by 238.
236
Calculate the remainder when 233769 is divided by 9350.
19
What is the remainder when 18796 is divided by 2340?
76
What is the remainder when 425426 is divided by 317?
12
What is the remainder when 772 is divided by 117?
70
What is the remainder when 3152288 is divided by 111?
110
What is the remainder when 5235 is divided by 2592?
51
Calculate the remainder when 2645 is divided by 50.
45
What is the remainder when 4077 is divided by 286?
73
What is the remainder when 427 is divided by 54?
49
What is the remainder when 100578 is divided by 341?
324
What is the remainder when 12073 is divided by 182?
61
Calculate the remainder when 2011365 is divided by 516.
513
Calculate the remainder when 18011 is divided by 79.
78
What is the remainder when 215425 is divided by 548?
61
What is the remainder when 12828 is divided by 388?
24
Calculate the remainder when 5839766 is divided by 2188.
2182
Calculate the remainder when 8947 is divided by 54.
37
Calculate the remainder when 34480 is divided by 1187.
57
Calculate the remainder when 24105 is divided by 8027.
24
What is the remainder when 12213 is divided by 139?
120
Calculate the remainder when 950 is divided by 805.
145
Calculate the remainder when 1949 is divided by 905.
139
What is the remainder when 52982 is divided by 2788?
10
What is the remainder when 26682 is divided by 342?
6
What is the remainder when 6490 is divided by 160?
90
What is the remainder when 1969 is divided by 391?
14
Calculate the remainder when 15990 is divided by 7984.
22
Calculate the remainder when 29166 is divided by 33.
27
What is the remainder when 13922 is divided by 118?
116
What is the remainder when 12377 is divided by 1032?
1025
What is the remainder when 1685 is di